{"id":83,"date":"2019-10-13T16:03:54","date_gmt":"2019-10-13T16:03:54","guid":{"rendered":"https:\/\/efeuplan.de\/?page_id=83"},"modified":"2019-11-17T15:54:42","modified_gmt":"2019-11-17T15:54:42","slug":"feinstaub","status":"publish","type":"page","link":"https:\/\/efeuplan.de\/index.php\/feinstaub\/","title":{"rendered":"Feinstaub"},"content":{"rendered":"\n<p>Feinstaub f\u00e4llt oder weht mit dem Wind auf das Blatt und wird elektrostatisch von diesem angezogen.<\/p>\n\n\n\n<p>Gesammeltes Regenwasser dient zum Absp\u00fclen des Feinstaubs und zur S\u00e4uberung der Bl\u00e4tter.<\/p>\n\n\n\n<!--more-->\n\n\n\n<p>Blattunebenheiten, Blatthaare und die Oberfl\u00e4chenstruktur der vor Verdunstung sch\u00fctzenden Wachsschicht haben gro\u00dfen Einflu\u00df auf die Staubabscheidung.  Efeubl\u00e4tter haben eine gro\u00dfe Wachsschicht, so dass viel Staub sich anheften kann.<\/p>\n\n\n\n<figure class=\"wp-block-image\"><img loading=\"lazy\" width=\"744\" height=\"253\" src=\"https:\/\/efeuplan.de\/wp-content\/uploads\/2019\/11\/Staub.png\" alt=\"\" class=\"wp-image-91\" srcset=\"https:\/\/efeuplan.de\/wp-content\/uploads\/2019\/11\/Staub.png 744w, https:\/\/efeuplan.de\/wp-content\/uploads\/2019\/11\/Staub-300x102.png 300w\" sizes=\"(max-width: 706px) 89vw, (max-width: 767px) 82vw, 740px\" \/><\/figure>\n\n\n\n<p>Es wurde gezeigt, dass Efeu feinen Staub (&lt;2.5\u03bcm) und ultra-feinen (&lt;1\u03bcm) bis zu Dichten von 2,9 \u00b7 10<sup>10<\/sup> pro m\u00b2 entsprechend ca. 29 \u00b5g\/m\u00b2. Eine Konzentration von 60 \u00b5g\/m\u00b3 auf ca. 30 \u00b5g\/m\u00b3 w\u00e4re absenkbar pro Tag. Dazu m\u00fcsste einmal pro Tag das gesammelte Regenwasser zum Absp\u00fclen genutzt werden.<\/p>\n","protected":false},"excerpt":{"rendered":"<p>Feinstaub f\u00e4llt oder weht mit dem Wind auf das Blatt und wird elektrostatisch von diesem angezogen. Gesammeltes Regenwasser dient zum Absp\u00fclen des Feinstaubs und zur S\u00e4uberung der Bl\u00e4tter.<\/p>\n","protected":false},"author":1,"featured_media":0,"parent":0,"menu_order":0,"comment_status":"closed","ping_status":"closed","template":"","meta":[],"_links":{"self":[{"href":"https:\/\/efeuplan.de\/index.php\/wp-json\/wp\/v2\/pages\/83"}],"collection":[{"href":"https:\/\/efeuplan.de\/index.php\/wp-json\/wp\/v2\/pages"}],"about":[{"href":"https:\/\/efeuplan.de\/index.php\/wp-json\/wp\/v2\/types\/page"}],"author":[{"embeddable":true,"href":"https:\/\/efeuplan.de\/index.php\/wp-json\/wp\/v2\/users\/1"}],"replies":[{"embeddable":true,"href":"https:\/\/efeuplan.de\/index.php\/wp-json\/wp\/v2\/comments?post=83"}],"version-history":[{"count":3,"href":"https:\/\/efeuplan.de\/index.php\/wp-json\/wp\/v2\/pages\/83\/revisions"}],"predecessor-version":[{"id":92,"href":"https:\/\/efeuplan.de\/index.php\/wp-json\/wp\/v2\/pages\/83\/revisions\/92"}],"wp:attachment":[{"href":"https:\/\/efeuplan.de\/index.php\/wp-json\/wp\/v2\/media?parent=83"}],"curies":[{"name":"wp","href":"https:\/\/api.w.org\/{rel}","templated":true}]}}